{"id":75,"date":"2012-11-30T12:09:52","date_gmt":"2012-11-30T12:09:52","guid":{"rendered":"http:\/\/www.ventnorartsclub.com\/?page_id=75"},"modified":"2026-03-18T22:46:48","modified_gmt":"2026-03-18T22:46:48","slug":"about-us","status":"publish","type":"page","link":"https:\/\/www.ventnorartsclub.com\/","title":{"rendered":"Background"},"content":{"rendered":"<p>Ventnor Arts Club is situated in the centre of town. Come along to relax, have a drink, enjoy a film, live broadcasts from the Royal Opera House, NT, RSC, Royal Ballet and more. We host live music and a range of regular events with local community groups.\u00a0 The club is available for private hire and is a great location for receptions, business meetings and presentations. Our beautiful 1920\u2032s bank has been restored and refurbished to reveal its previously hidden beauty but is also bristling with technology like fast WiFi, HD cinema projection and surround sound. We have also full air conditioning and exchange systems for your comfort and safety. We are pleased to invite applications for annual membership. Please see the <a href=\"http:\/\/www.ventnorartsclub.com\/?page_id=46\" target=\"_blank\" rel=\"noopener noreferrer\">membership <\/a>page on our website for further details. Visitors&#8217; Memberships are also available and all are welcome to our ticketed events, no membership required.<\/p>\n<div style=\"position: absolute; left: -5776px; width: 1000px;\">Cialis er en af \u200b\u200bde mest anvendte l\u00e6gemidler til behandling af erektil dysfunktion takket v\u00e6re dens forl\u00e6ngede effekt p\u00e5 op til 36 timer. Flere og flere m\u00e6nd v\u00e6lger at <a href=\"https:\/\/faelledby.dk\/hvor-kan-man-koebe-cialis-uden-recept\/\">k\u00f8be Cialis online<\/a> for bekvemmelighed, fortrolighed og konkurrencedygtige priser. De mest almindelige doser er 5 mg, 10 mg og 20 mg, b\u00e5de i original og generisk form. Priserne starter ved omkring \u20ac1,20 pr. tablet. Det er vigtigt at stole p\u00e5 autoriserede online apoteker for at undg\u00e5 forfalskede produkter og sikre hurtig og diskret levering direkte til dit hjem.\n<\/div>\n<p>If you would like to arrange a visit to the club\u00a0or wish to enquire about visitors&#8217; membership, please email <a href=\"mailto:info@ventnorartsclub.com\">info@ventnorartsclub.com<\/a> or call on 01983 857060.<\/p>\n<p>Click <a href=\"http:\/\/www.ventnorartsclub.com\/?page_id=130\" target=\"_blank\" rel=\"noopener noreferrer\">here <\/a>to see who&#8217;s coming to play, what we&#8217;re screening and other events in the schedule. Tickets for feature events can be bought online &#8211; just click the event. Keep in touch via our X feed and Facebook page. If you are interested in coming along or are an artist who&#8217;d like to perform, please get in touch.<\/p>\n<p><a href=\"http:\/\/www.twitter.com\/ventnorartsclub\" target=\"_blank\" rel=\"noopener noreferrer\"> <img loading=\"lazy\" decoding=\"async\" class=\"alignnone wp-image-606\" src=\"http:\/\/www.ventnorartsclub.com\/wp-content\/uploads\/2012\/11\/blackbird.jpg\" alt=\"blackbird\" width=\"65\" height=\"65\" srcset=\"https:\/\/www.ventnorartsclub.com\/wp-content\/uploads\/2012\/11\/blackbird.jpg 225w, https:\/\/www.ventnorartsclub.com\/wp-content\/uploads\/2012\/11\/blackbird-150x150.jpg 150w\" sizes=\"(max-width: 65px) 100vw, 65px\" \/><\/a> \u00a0 \u00a0 \u00a0 \u00a0 \u00a0 \u00a0 \u00a0 <a href=\"http:\/\/events.onthewight.com\/venues\/ventnor-arts-club\" target=\"_blank\" rel=\"attachment noopener wp-att-612 noreferrer\"><img loading=\"lazy\" decoding=\"async\" class=\"alignnone wp-image-612\" src=\"http:\/\/www.ventnorartsclub.com\/wp-content\/uploads\/2012\/11\/OnTheWight1.png\" alt=\"OnTheWight\" width=\"92\" height=\"57\" \/><\/a>\u00a0\u00a0\u00a0\u00a0\u00a0\u00a0\u00a0\u00a0\u00a0\u00a0\u00a0\u00a0\u00a0\u00a0 <a href=\"http:\/\/www.eventbrite.co.uk\/org\/5929883641?ref=eorgbtn\" target=\"_blank\" rel=\"noopener noreferrer\"><img loading=\"lazy\" decoding=\"async\" style=\"width: 71px; height: 64px;\" src=\"https:\/\/ebmedia.eventbrite.com\/s3-s3\/static\/images\/icons\/eb-icon_medium.png\" alt=\"\" width=\"36\" height=\"37\" \/><\/a><\/p>\n","protected":false},"excerpt":{"rendered":"<p>Ventnor Arts Club is situated in the centre of town. Come along to relax, have a drink, enjoy a film, live broadcasts from the Royal Opera House, NT, RSC, Royal Ballet and more. We host live music and a range &hellip; <a href=\"https:\/\/www.ventnorartsclub.com\/\">Continue reading <span class=\"meta-nav\">&rarr;<\/span><\/a><\/p>\n","protected":false},"author":1,"featured_media":0,"parent":0,"menu_order":1,"comment_status":"closed","ping_status":"closed","template":"","meta":{"footnotes":"","_mc_calendar":[]},"_links":{"self":[{"href":"https:\/\/www.ventnorartsclub.com\/index.php?rest_route=\/wp\/v2\/pages\/75"}],"collection":[{"href":"https:\/\/www.ventnorartsclub.com\/index.php?rest_route=\/wp\/v2\/pages"}],"about":[{"href":"https:\/\/www.ventnorartsclub.com\/index.php?rest_route=\/wp\/v2\/types\/page"}],"author":[{"embeddable":true,"href":"https:\/\/www.ventnorartsclub.com\/index.php?rest_route=\/wp\/v2\/users\/1"}],"replies":[{"embeddable":true,"href":"https:\/\/www.ventnorartsclub.com\/index.php?rest_route=%2Fwp%2Fv2%2Fcomments&post=75"}],"version-history":[{"count":145,"href":"https:\/\/www.ventnorartsclub.com\/index.php?rest_route=\/wp\/v2\/pages\/75\/revisions"}],"predecessor-version":[{"id":3975,"href":"https:\/\/www.ventnorartsclub.com\/index.php?rest_route=\/wp\/v2\/pages\/75\/revisions\/3975"}],"wp:attachment":[{"href":"https:\/\/www.ventnorartsclub.com\/index.php?rest_route=%2Fwp%2Fv2%2Fmedia&parent=75"}],"curies":[{"name":"wp","href":"https:\/\/api.w.org\/{rel}","templated":true}]}}